{"id":2304,"date":"2016-11-12T07:36:34","date_gmt":"2016-11-12T07:36:34","guid":{"rendered":"http:\/\/ld-wp.template-help.com\/wordpress_61155-sample\/?page_id=167"},"modified":"2020-02-28T16:51:59","modified_gmt":"2020-02-28T15:51:59","slug":"contacts","status":"publish","type":"page","link":"https:\/\/www.canman.fr\/canman\/contacts\/","title":{"rendered":"Contacts"},"content":{"rendered":"<p>Nous ContacterNotre formulaire de contact est \u00e0 votre disposition pour toute demande Cochez les cases selon votre choix: DevisInfoNewsletterD\u00e9mo Nom Etablissement* Nom* Pr\u00e9nom* Fonction* T\u00e9l\u00e9phone* Adresse e-mail* Objet Votre message Suivez-nous :FacebookLinkedin<\/p>\n","protected":false},"excerpt":{"rendered":"<p>Nous ContacterNotre formulaire de contact est \u00e0 votre disposition pour toute demandeSuivez-nous :FacebookLinkedin<\/p>\n","protected":false},"author":1,"featured_media":0,"parent":0,"menu_order":0,"comment_status":"closed","ping_status":"closed","template":"","meta":{"_uag_custom_page_level_css":"","footnotes":""},"uagb_featured_image_src":{"full":false,"thumbnail":false,"medium":false,"medium_large":false,"large":false,"1536x1536":false,"2048x2048":false,"post-thumbnail":false,"bookit-thumb-s":false,"bookit-slider-thumb":false,"bookit-thumb-m":false,"bookit-thumb-m-2":false,"bookit-thumb-masonry":false,"bookit-thumb-l":false,"bookit-thumb-l-2":false,"bookit-thumb-xl":false,"bookit-thumb-xl-2":false,"bookit-author-avatar":false,"bookit-thumb-listing-line-product":false,"bookit-thumb-301-226":false,"bookit-thumb-480-362":false,"bookit-thumb-1355-1020":false},"uagb_author_info":{"display_name":"canman","author_link":"https:\/\/www.canman.fr\/canman\/author\/canman\/"},"uagb_comment_info":0,"uagb_excerpt":"Nous ContacterNotre formulaire de contact est \u00e0 votre disposition pour toute demandeSuivez-nous :FacebookLinkedin","_links":{"self":[{"href":"https:\/\/www.canman.fr\/canman\/wp-json\/wp\/v2\/pages\/2304"}],"collection":[{"href":"https:\/\/www.canman.fr\/canman\/wp-json\/wp\/v2\/pages"}],"about":[{"href":"https:\/\/www.canman.fr\/canman\/wp-json\/wp\/v2\/types\/page"}],"author":[{"embeddable":true,"href":"https:\/\/www.canman.fr\/canman\/wp-json\/wp\/v2\/users\/1"}],"replies":[{"embeddable":true,"href":"https:\/\/www.canman.fr\/canman\/wp-json\/wp\/v2\/comments?post=2304"}],"version-history":[{"count":55,"href":"https:\/\/www.canman.fr\/canman\/wp-json\/wp\/v2\/pages\/2304\/revisions"}],"predecessor-version":[{"id":6093,"href":"https:\/\/www.canman.fr\/canman\/wp-json\/wp\/v2\/pages\/2304\/revisions\/6093"}],"wp:attachment":[{"href":"https:\/\/www.canman.fr\/canman\/wp-json\/wp\/v2\/media?parent=2304"}],"curies":[{"name":"wp","href":"https:\/\/api.w.org\/{rel}","templated":true}]}}