{"id":2858,"date":"2018-12-04T15:19:53","date_gmt":"2018-12-04T14:19:53","guid":{"rendered":"http:\/\/canman.fr\/canman\/?page_id=2858"},"modified":"2019-03-19T11:11:28","modified_gmt":"2019-03-19T10:11:28","slug":"coclico","status":"publish","type":"page","link":"https:\/\/www.canman.fr\/canman\/coclico\/","title":{"rendered":"Coclico"},"content":{"rendered":"<p>\u00a0 \u00a0 \u00a0 \u00a0Coclico\u00a0G\u00e9rez efficacement votre base de donn\u00e9es clientsVotre base de donn\u00e9es, votre p\u00e9pite\u00a0!Suivre, connaitre, anticiper et conserver votre portefeuille et l\u2019historique de vos clients contacts, prospects et fournisseurs.Cr\u00e9ation et exportation de listings et ema <a href=\"https:\/\/www.canman.fr\/canman\/coclico\/\" title=\"Read more on Coclico\" class=\"more-link\">read more<\/a><\/p>\n","protected":false},"excerpt":{"rendered":"<p>\u00a0 \u00a0 \u00a0 \u00a0Coclico\u00a0G\u00e9rez efficacement votre base de donn\u00e9es clientsVotre base de donn\u00e9es, votre p\u00e9pite\u00a0!Suivre, connaitre, anticiper et conserver votre portefeuille et l\u2019historique de vos clients contacts, prospects et fournisseurs.Cr\u00e9ation et exportation de listings et ema read more<\/p>\n","protected":false},"author":1,"featured_media":0,"parent":0,"menu_order":0,"comment_status":"closed","ping_status":"closed","template":"","meta":{"_uag_custom_page_level_css":"","footnotes":""},"uagb_featured_image_src":{"full":false,"thumbnail":false,"medium":false,"medium_large":false,"large":false,"1536x1536":false,"2048x2048":false,"post-thumbnail":false,"bookit-thumb-s":false,"bookit-slider-thumb":false,"bookit-thumb-m":false,"bookit-thumb-m-2":false,"bookit-thumb-masonry":false,"bookit-thumb-l":false,"bookit-thumb-l-2":false,"bookit-thumb-xl":false,"bookit-thumb-xl-2":false,"bookit-author-avatar":false,"bookit-thumb-listing-line-product":false,"bookit-thumb-301-226":false,"bookit-thumb-480-362":false,"bookit-thumb-1355-1020":false},"uagb_author_info":{"display_name":"canman","author_link":"https:\/\/www.canman.fr\/canman\/author\/canman\/"},"uagb_comment_info":0,"uagb_excerpt":"\u00a0 \u00a0 \u00a0 \u00a0Coclico\u00a0G\u00e9rez efficacement votre base de donn\u00e9es clientsVotre base de donn\u00e9es, votre p\u00e9pite\u00a0!Suivre, connaitre, anticiper et conserver votre portefeuille et l\u2019historique de vos clients contacts, prospects et fournisseurs.Cr\u00e9ation et exportation de listings et ema read more","_links":{"self":[{"href":"https:\/\/www.canman.fr\/canman\/wp-json\/wp\/v2\/pages\/2858"}],"collection":[{"href":"https:\/\/www.canman.fr\/canman\/wp-json\/wp\/v2\/pages"}],"about":[{"href":"https:\/\/www.canman.fr\/canman\/wp-json\/wp\/v2\/types\/page"}],"author":[{"embeddable":true,"href":"https:\/\/www.canman.fr\/canman\/wp-json\/wp\/v2\/users\/1"}],"replies":[{"embeddable":true,"href":"https:\/\/www.canman.fr\/canman\/wp-json\/wp\/v2\/comments?post=2858"}],"version-history":[{"count":151,"href":"https:\/\/www.canman.fr\/canman\/wp-json\/wp\/v2\/pages\/2858\/revisions"}],"predecessor-version":[{"id":6133,"href":"https:\/\/www.canman.fr\/canman\/wp-json\/wp\/v2\/pages\/2858\/revisions\/6133"}],"wp:attachment":[{"href":"https:\/\/www.canman.fr\/canman\/wp-json\/wp\/v2\/media?parent=2858"}],"curies":[{"name":"wp","href":"https:\/\/api.w.org\/{rel}","templated":true}]}}